{"id":1103,"date":"2024-06-14T18:37:44","date_gmt":"2024-06-14T17:37:44","guid":{"rendered":"https:\/\/socenter.eu\/?page_id=1103"},"modified":"2024-06-23T15:57:21","modified_gmt":"2024-06-23T14:57:21","slug":"platforma-crowdfundingowa","status":"publish","type":"page","link":"https:\/\/socenter.eu\/index.php\/pl\/platforma-crowdfundingowa\/","title":{"rendered":"Platforma crowdsourcingowa"},"content":{"rendered":"\n<div style=\"height:101px\" aria-hidden=\"true\" class=\"wp-block-spacer\"><\/div>\n\n\n\n<p class=\"has-text-align-center has-background-color has-text-color has-background has-link-color has-roboto-font-family wp-elements-27a9f87405f4e343c00d753f21ea39dd\" style=\"background-color:#009e93;font-size:34px\"><strong>Prezentujemy rezultat nr 2 projektu <\/strong><\/p>\n\n\n\n<div style=\"height:100px\" aria-hidden=\"true\" class=\"wp-block-spacer\"><\/div>\n\n\n\n<p class=\"has-text-align-center has-foreground-color has-text-color has-link-color has-roboto-font-family wp-elements-12a199535597c2fd5c96d3e65bef2aeb\" style=\"font-size:24px\">W ramach naszego projektu stworzyli\u015bmy dedykowan\u0105 grup\u0119 na Facebooku po\u015bwi\u0119con\u0105 crowdsourcingowi. Zach\u0119camy do do\u0142\u0105czenia do niej, aby wzi\u0105\u0107 udzia\u0142 w dyskusji, wymienia\u0107 si\u0119 pomys\u0142ami oraz znale\u017a\u0107 ch\u0119tnych do wsp\u00f3\u0142pracy w Twoim projekcie:<\/p>\n\n\n\n<div class=\"wp-block-buttons alignwide is-horizontal is-content-justification-center is-layout-flex wp-container-core-buttons-is-layout-03627597 wp-block-buttons-is-layout-flex\">\n<div class=\"wp-block-button has-custom-width wp-block-button__width-75 has-custom-font-size has-system-font-family has-medium-font-size\"><a class=\"wp-block-button__link has-background-color has-dark-blue-background-color has-text-color has-background has-text-align-center wp-element-button\" href=\"https:\/\/www.facebook.com\/groups\/915622153656860\" style=\"border-radius:50px\" target=\"_blank\" rel=\"noreferrer noopener\">https:\/\/www.facebook.com\/groups\/915622153656860<\/a><\/div>\n<\/div>\n\n\n\n<div style=\"height:64px\" aria-hidden=\"true\" class=\"wp-block-spacer\"><\/div>\n\n\n\n<p class=\"has-text-align-left has-foreground-color has-text-color has-link-color has-roboto-font-family wp-elements-1704890e67b57852b4c755c658a129a0\" style=\"font-size:24px\"><strong>Czym jest crowdsourcing i po co z niego korzysta\u0107?<\/strong><\/p>\n\n\n\n<p><\/p>\n\n\n\n<p class=\"has-foreground-color has-text-color has-link-color has-roboto-font-family wp-elements-77ac44beba52fadbb8db3ac67cb6dbb4\" style=\"font-size:20px;line-height:1.8\">Crowdsourcing polega na pozyskiwaniu pracy, informacji lub opinii od du\u017cej grupy os\u00f3b, kt\u00f3re przesy\u0142aj\u0105 swoje dane za po\u015brednictwem Internetu, medi\u00f3w spo\u0142eczno\u015bciowych i aplikacji na smartfony  <a href=\"https:\/\/www.investopedia.com\/terms\/c\/crowdsourcing.asp\" target=\"_blank\" rel=\"noreferrer noopener\">https:\/\/www.investopedia.com\/terms\/c\/crowdsourcing.asp<\/a>. Termin powsta\u0142 w 2006 roku, kiedy redaktorzy magazynu Wired, Jeff Howe i Mark Robinson, u\u017cyli go do opisania wykorzystania internetu do generowania i \u0142\u0105czenia pomys\u0142\u00f3w <a href=\"https:\/\/www.wired.com\/2006\/06\/crowds\/\">https:\/\/www.wired.com\/2006\/06\/crowds\/<\/a>.<\/p>\n\n\n\n<p class=\"has-foreground-color has-text-color has-link-color has-roboto-font-family wp-elements-e61c1f3063da28a177cd4c2be94a4726\" style=\"font-size:20px;line-height:1.8\">All information related to the platform is posted on Epale <a href=\"https:\/\/epale.ec.europa.eu\/pl\/user\/208531\">https:\/\/epale.ec.europa.eu\/pl\/user\/208531<\/a> and on Linkedin <a href=\"https:\/\/www.linkedin.com\/in\/zbigniew-d%C4%85browski-378bb5159\/)\" target=\"_blank\" rel=\"noreferrer noopener\">https:\/\/www.linkedin.com\/in\/zbigniew-d%C4%85browski-378bb5159\/<\/a> <\/p>\n\n\n\n<div style=\"height:40px\" aria-hidden=\"true\" class=\"wp-block-spacer\"><\/div>\n\n\n\n<p class=\"has-text-align-left has-foreground-color has-text-color has-link-color has-roboto-font-family wp-elements-db619596569d068772cdfd6e542fd2fe\" style=\"font-size:24px\"><strong>Crowdsourcing opiera si\u0119 na czterech podstawowych koncepcjach:<\/strong><\/p>\n\n\n\n<p class=\"has-text-align-left has-foreground-color has-text-color has-link-color has-roboto-font-family wp-elements-5b9a8329d238c7b081d97f3861589c4d\" style=\"font-size:20px\">&#8211; zdobywanie wiedzy przez rozwi\u0105zywanie problem\u00f3w,<\/p>\n\n\n\n<p class=\"has-text-align-left has-foreground-color has-text-color has-link-color has-roboto-font-family wp-elements-1a75c549785f831e61b3ca12282fde15\" style=\"font-size:20px\">&#8211; tworzenie nowej tre\u015bci (jak w przypadku Wikipedii),<\/p>\n\n\n\n<p class=\"has-text-align-left has-foreground-color has-text-color has-link-color has-roboto-font-family wp-elements-f972e6f7c3b53322b69865adf2ffd67a\" style=\"font-size:20px\">&#8211; g\u0142osowanie<\/p>\n\n\n\n<p class=\"has-text-align-left has-foreground-color has-text-color has-link-color has-roboto-font-family wp-elements-308f0365a581ca89ac0726421193ea83\" style=\"font-size:20px\">&#8211; crowdfunding, czyli zbieranie funduszy przez ma\u0142e wp\u0142aty od du\u017cej liczby ludzi.<\/p>\n\n\n\n<div style=\"height:40px\" aria-hidden=\"true\" class=\"wp-block-spacer\"><\/div>\n\n\n\n<p class=\"has-text-align-left has-foreground-color has-text-color has-link-color has-roboto-font-family wp-elements-424ceac701a729c9fb1167c259428151\" style=\"font-size:24px\"><strong>Po co jest crowdsourcing?<\/strong><\/p>\n\n\n\n<p class=\"has-foreground-color has-text-color has-link-color has-roboto-font-family wp-elements-1cb19460aefc6b93c06682edb4c1c76e\" style=\"font-size:20px;line-height:1.7\"> &#8211; Crowdsourcing pozwala na wymy\u015blanie nowych, kreatywnych pomys\u0142\u00f3w, kt\u00f3re mog\u0105 nie by\u0107 osi\u0105galne w tradycyjnych ramach organizacyjnych.<\/p>\n\n\n\n<p class=\"has-foreground-color has-text-color has-link-color has-roboto-font-family wp-elements-46cd972f0411517b9e0a3adf49423b47\" style=\"font-size:20px;line-height:1.7\">&#8211; Korzystanie z wiedzy i do\u015bwiadcze\u0144 ludzi z r\u00f3\u017cnych \u015brodowisk i region\u00f3w pozwala na uzyskanie bardziej wszechstronnych i innowacyjnych rozwi\u0105za\u0144.<\/p>\n\n\n\n<p class=\"has-foreground-color has-text-color has-link-color has-roboto-font-family wp-elements-a6ae203de45c8304e4ed733bd078d47c\" style=\"font-size:20px;line-height:1.7\">&#8211; Dzi\u0119ki crowdsourcingowi mo\u017cna osi\u0105gn\u0105\u0107 rezultaty przy ni\u017cszych kosztach, poniewa\u017c anga\u017cuje si\u0119 szerokie grono ochotnik\u00f3w lub zewn\u0119trznych ekspert\u00f3w.<\/p>\n\n\n\n<figure class=\"wp-block-image alignfull size-large wp-duotone-unset-1\"><img loading=\"lazy\" decoding=\"async\" width=\"1024\" height=\"683\" src=\"https:\/\/socenter.eu\/wp-content\/uploads\/2024\/06\/crscg-1024x683.jpg\" alt=\"\" class=\"wp-image-1203\" srcset=\"https:\/\/socenter.eu\/wp-content\/uploads\/2024\/06\/crscg-1024x683.jpg 1024w, https:\/\/socenter.eu\/wp-content\/uploads\/2024\/06\/crscg-300x200.jpg 300w, https:\/\/socenter.eu\/wp-content\/uploads\/2024\/06\/crscg-768x512.jpg 768w, https:\/\/socenter.eu\/wp-content\/uploads\/2024\/06\/crscg-1536x1024.jpg 1536w, https:\/\/socenter.eu\/wp-content\/uploads\/2024\/06\/crscg-2048x1365.jpg 2048w\" sizes=\"auto, (max-width: 1024px) 100vw, 1024px\" \/><\/figure>\n\n\n\n<div style=\"height:40px\" aria-hidden=\"true\" class=\"wp-block-spacer\"><\/div>\n\n\n\n<p class=\"has-text-align-left has-foreground-color has-text-color has-link-color has-roboto-font-family wp-elements-3147a7bb1bd16ebefb2ef58dbc2f3462\" style=\"font-size:23px\"><strong>Gdzie mo\u017cna poszukiwa\u0107 crowdsourcingu?<\/strong><\/p>\n\n\n\n<p><\/p>\n\n\n\n<p class=\"has-foreground-color has-text-color has-link-color has-roboto-font-family wp-elements-ca577ada53b811c342a224071c24890d\" style=\"font-size:20px;line-height:1.8\"><strong>1.<\/strong> Amazon Mechanical Turk (MTurk)  <a href=\"https:\/\/www.mturk.com\/worker\" target=\"_blank\" rel=\"noreferrer noopener\">https:\/\/www.mturk.com\/worker<\/a> &#8211; Wirtualny rynek crowdsourcingu stworzony przez firm\u0119 Amazon. Us\u0142uga umo\u017cliwia zlecanie prostych zada\u0144, takich jak weryfikacja ankiety, pisanie transkrypcji, czy sprawdzanie t\u0142umacze\u0144.<\/p>\n\n\n\n<p class=\"has-foreground-color has-text-color has-link-color has-roboto-font-family wp-elements-b35f20de2986c91916479d9895151d5b\" style=\"font-size:20px;line-height:1.8\"><strong>2.<\/strong> Upwork <a href=\"https:\/\/www.upwork.com\/\" target=\"_blank\" rel=\"noreferrer noopener\">https:\/\/www.upwork.com\/<\/a>  Platforma umo\u017cliwia przedsi\u0119biorstwom zatrudnienie profesjonalist\u00f3w do swoich projekt\u00f3w. Potencjalni pracownicy mog\u0105 za jej pomoc\u0105 wysy\u0142a\u0107 CV, zarz\u0105dza\u0107 projektami i przegl\u0105da\u0107 oferty pracy.<\/p>\n\n\n\n<p class=\"has-foreground-color has-text-color has-link-color has-roboto-font-family wp-elements-e79ab29f2d2508ec8cad8dcf8e1d0592\" style=\"font-size:20px;line-height:1.8\"><strong>3.<\/strong> Istniej\u0105 tak\u017ce platformy crowdsourcingowe skupiaj\u0105ce si\u0119 na konkretnej dyscyplinie, np. na projektach kreatywnych. Przyk\u0142adami takich platform s\u0105 Crowdspring <a href=\"https:\/\/www.crowdspring.com\/\" target=\"_blank\" rel=\"noreferrer noopener\">https:\/\/www.crowdspring.com\/<\/a> oraz DesignCrowd <a href=\"https:\/\/www.designcrowd.com\/\" target=\"_blank\" rel=\"noreferrer noopener\">https:\/\/www.designcrowd.com\/<\/a>. Klienci zg\u0142aszaj\u0105 swoje pomys\u0142y na projekt logo, grafiki oraz innych element\u00f3w graficznych, a pracownicy z ca\u0142ego \u015bwiata wysy\u0142aj\u0105 swoje propozycje projekt\u00f3w.&nbsp;<\/p>\n\n\n\n<p class=\"has-foreground-color has-text-color has-link-color has-roboto-font-family wp-elements-0f0f8e5ee1c48a8fabac2e0938f2b1ce\" style=\"font-size:20px;line-height:1.8\"><strong>4.<\/strong> HeroX <a href=\"https:\/\/www.herox.com\/\" target=\"_blank\" rel=\"noreferrer noopener\">https:\/\/www.herox.com\/<\/a> oraz Wazoku Crowd <a href=\"https:\/\/www.wazokucrowd.com\/\" target=\"_blank\" rel=\"noreferrer noopener\">https:\/\/www.wazokucrowd.com\/<\/a> to przyk\u0142ady platform po\u015bwi\u0119conych znajdowaniu rozwi\u0105za\u0144 problem\u00f3w naukowych i biznesowych. \u0141\u0105cz\u0105 one firmy ze spo\u0142eczno\u015bci\u0105 innowator\u00f3w. Firmy publikuj\u0105 na niej swoje wyzwania (Challenges), na kt\u00f3re poszukuj\u0105 kreatywnych i innowacyjnych rozwi\u0105za\u0144, a pracownicy zg\u0142aszaj\u0105 swoje pomys\u0142y na ich rozwi\u0105zanie.<\/p>\n\n\n\n<figure class=\"wp-block-image alignfull size-large\"><img loading=\"lazy\" decoding=\"async\" width=\"1024\" height=\"683\" src=\"https:\/\/socenter.eu\/wp-content\/uploads\/2024\/06\/crscg1-1024x683.jpg\" alt=\"\" class=\"wp-image-1205\" srcset=\"https:\/\/socenter.eu\/wp-content\/uploads\/2024\/06\/crscg1-1024x683.jpg 1024w, https:\/\/socenter.eu\/wp-content\/uploads\/2024\/06\/crscg1-300x200.jpg 300w, https:\/\/socenter.eu\/wp-content\/uploads\/2024\/06\/crscg1-768x512.jpg 768w, https:\/\/socenter.eu\/wp-content\/uploads\/2024\/06\/crscg1-1536x1024.jpg 1536w, https:\/\/socenter.eu\/wp-content\/uploads\/2024\/06\/crscg1-2048x1365.jpg 2048w\" sizes=\"auto, (max-width: 1024px) 100vw, 1024px\" \/><\/figure>\n\n\n\n<div style=\"height:100px\" aria-hidden=\"true\" class=\"wp-block-spacer\"><\/div>\n\n\n\n<p class=\"has-text-align-left has-foreground-color has-text-color has-link-color has-roboto-font-family wp-elements-066d05a80fe8192f2b99dc409bf9a572\" style=\"font-size:23px\"><strong>Nasza grupa crowdsourcingu<\/strong> :<\/p>\n\n\n\n<div style=\"height:37px\" aria-hidden=\"true\" class=\"wp-block-spacer\"><\/div>\n\n\n\n<figure class=\"wp-block-image alignwide size-large\"><img loading=\"lazy\" decoding=\"async\" width=\"1024\" height=\"1024\" src=\"https:\/\/socenter.eu\/wp-content\/uploads\/2024\/06\/3-1024x1024.png\" alt=\"\" class=\"wp-image-1234\" srcset=\"https:\/\/socenter.eu\/wp-content\/uploads\/2024\/06\/3-1024x1024.png 1024w, https:\/\/socenter.eu\/wp-content\/uploads\/2024\/06\/3-300x300.png 300w, https:\/\/socenter.eu\/wp-content\/uploads\/2024\/06\/3-150x150.png 150w, https:\/\/socenter.eu\/wp-content\/uploads\/2024\/06\/3-768x768.png 768w, https:\/\/socenter.eu\/wp-content\/uploads\/2024\/06\/3.png 1080w\" sizes=\"auto, (max-width: 1024px) 100vw, 1024px\" \/><\/figure>\n","protected":false},"excerpt":{"rendered":"<p>Prezentujemy rezultat nr 2 projektu W ramach naszego projektu stworzyli\u015bmy dedykowan\u0105 grup\u0119 na Facebooku po\u015bwi\u0119con\u0105 crowdsourcingowi. Zach\u0119camy do do\u0142\u0105czenia do niej, aby wzi\u0105\u0107 udzia\u0142 w dyskusji, wymienia\u0107 si\u0119 pomys\u0142ami oraz znale\u017a\u0107 ch\u0119tnych do wsp\u00f3\u0142pracy w Twoim projekcie: Czym jest crowdsourcing i po&#8230;<\/p>\n","protected":false},"author":1,"featured_media":0,"parent":0,"menu_order":0,"comment_status":"closed","ping_status":"closed","template":"","meta":{"footnotes":""},"class_list":["post-1103","page","type-page","status-publish","hentry"],"_links":{"self":[{"href":"https:\/\/socenter.eu\/index.php\/wp-json\/wp\/v2\/pages\/1103","targetHints":{"allow":["GET"]}}],"collection":[{"href":"https:\/\/socenter.eu\/index.php\/wp-json\/wp\/v2\/pages"}],"about":[{"href":"https:\/\/socenter.eu\/index.php\/wp-json\/wp\/v2\/types\/page"}],"author":[{"embeddable":true,"href":"https:\/\/socenter.eu\/index.php\/wp-json\/wp\/v2\/users\/1"}],"replies":[{"embeddable":true,"href":"https:\/\/socenter.eu\/index.php\/wp-json\/wp\/v2\/comments?post=1103"}],"version-history":[{"count":38,"href":"https:\/\/socenter.eu\/index.php\/wp-json\/wp\/v2\/pages\/1103\/revisions"}],"predecessor-version":[{"id":1383,"href":"https:\/\/socenter.eu\/index.php\/wp-json\/wp\/v2\/pages\/1103\/revisions\/1383"}],"wp:attachment":[{"href":"https:\/\/socenter.eu\/index.php\/wp-json\/wp\/v2\/media?parent=1103"}],"curies":[{"name":"wp","href":"https:\/\/api.w.org\/{rel}","templated":true}]}}