{"id":57,"date":"2023-01-21T19:21:21","date_gmt":"2023-01-21T18:21:21","guid":{"rendered":"https:\/\/socenter.eu\/?page_id=57"},"modified":"2024-03-19T11:04:01","modified_gmt":"2024-03-19T10:04:01","slug":"contact","status":"publish","type":"page","link":"https:\/\/socenter.eu\/index.php\/contact\/","title":{"rendered":"Contact"},"content":{"rendered":"\n<figure class=\"wp-block-image aligncenter size-full\"><img loading=\"lazy\" decoding=\"async\" width=\"997\" height=\"682\" src=\"https:\/\/socenter.eu\/wp-content\/uploads\/2023\/08\/logo-FZZ-jpg-1.png\" alt=\"\" class=\"wp-image-445\" srcset=\"https:\/\/socenter.eu\/wp-content\/uploads\/2023\/08\/logo-FZZ-jpg-1.png 997w, https:\/\/socenter.eu\/wp-content\/uploads\/2023\/08\/logo-FZZ-jpg-1-300x205.png 300w, https:\/\/socenter.eu\/wp-content\/uploads\/2023\/08\/logo-FZZ-jpg-1-768x525.png 768w\" sizes=\"auto, (max-width: 997px) 100vw, 997px\" \/><\/figure>\n\n\n\n<p class=\"has-text-align-center has-white-color has-text-color has-background has-medium-font-size\" style=\"background-color:#00a095\"><strong>Zofia Zamenhof Foundation&nbsp;<\/strong><\/p>\n\n\n\n<p class=\"has-text-align-center has-white-color has-text-color has-background\" style=\"background-color:#00a095\">  ul. Mazowiecka 11 lokal 49, Warsaw<\/p>\n\n\n\n<div style=\"height:40px\" aria-hidden=\"true\" class=\"wp-block-spacer\"><\/div>\n\n\n\n<pre class=\"wp-block-verse has-text-align-center has-foreground-color has-text-color\" style=\"font-style:normal;font-weight:400\"><strong>Zbigniew D\u0105browski<\/strong>\u2013 the chairman\n<a href=\"mailto:zbigniew.dabrowski@zofiazamenhof.pl\">zbigniew.dabrowski@zofiazamenhof.pl<\/a>   telephone number +48 604 997 656\n\n<strong>Wojciech Duranowski<\/strong>\u00a0\u2013 the vice chairman\n<a href=\"mailto:wduranowski@gmail.com\" target=\"_blank\" rel=\"noreferrer noopener\">wduranowski@gmail.com<\/a>   telephone number +48 798 430 769\n\n<strong>Bartosz G\u00f3ras<\/strong> - Coordinator of the \"Adult Education\" project\n<a href=\"mailto:bartosz.goras96@gmail.com\" target=\"_blank\" rel=\"noreferrer noopener\">bartosz.goras96@gmail.com<\/a>\n\n<strong>Barbara Makarewicz<\/strong> \u2013 assistant of the Board, \ncoordinator of youth projects   <a href=\"http:\/\/mail\" data-type=\"URL\" data-id=\"mail\">biuro@zofiazamenhof.pl <\/a>\n<\/pre>\n\n\n\n<p class=\"has-text-align-center has-white-color has-text-color has-background\" style=\"background-color:#00a095;font-size:24px\"><strong>PROJECT PARTNERS &#8211; CONTACT<\/strong><\/p>\n\n\n\n<pre class=\"wp-block-verse has-text-align-center has-foreground-color has-text-color\" style=\"font-style:normal;font-weight:400\"><strong>EPRALIMA \u2013 ESCOLA PROFISSIONAL DOALTO LIMA<\/strong> (Portugal)\nAngela Paredes - Project Coordinator\n<a href=\"mailto:angelaparedes.qualifica@epralima.pt\" target=\"_blank\" rel=\"noreferrer noopener\">angelaparedes.qualifica@epralima.pt<\/a>   \n\n\n<strong>ECOISTITUTO DEL FRIULI VENEZIA GIULIA <\/strong>(Italy)\nSimone Zorzi - Project Coordinator\n<a href=\"mailto:zorzisimo@gmail.com\" target=\"_blank\" rel=\"noreferrer noopener\">zorzisimo@gmail.com<\/a>  \n\n\n<strong>CENTRO SOLIDARIET\u00c0 GIOVANI GIOVANNI MICESIO ONLUS<\/strong> (Italy)\n Francesca Ferrara - Project Coordinator\n<a href=\"mailto:ferrara@csg-fvg.org\" target=\"_blank\" rel=\"noreferrer noopener\">ferrara@csg-fvg.org<\/a>  \n\n\n<strong>SP\u00d3\u0141DZIELNIA SOCJALNA OS\u00d3B PRAWNYCH CUS<\/strong> (Poland)\nAleksandra P\u0119cherzewska - Project Coordinator\n<a href=\"mailto:cusslupno@wp.pl\" target=\"_blank\" rel=\"noreferrer noopener\">cusslupno@wp.pl<\/a>  \n\n\n<strong>IED INSTITUTE OF ENTREPRENEURSHIP DEVELOPMENT <\/strong>(Greece)\nMaria Gkountopoulou - Project Coordinator\n<a href=\"mailto:mgkountopoulou@ied.eu\" target=\"_blank\" rel=\"noreferrer noopener\">mgkountopoulou@ied.eu<\/a> \n\n<\/pre>\n\n\n\n<p><\/p>\n","protected":false},"excerpt":{"rendered":"<p>Zofia Zamenhof Foundation&nbsp; ul. Mazowiecka 11 lokal 49, Warsaw Zbigniew D\u0105browski\u2013 the chairman zbigniew.dabrowski@zofiazamenhof.pl telephone number +48 604 997 656 Wojciech Duranowski\u00a0\u2013 the vice chairman wduranowski@gmail.com telephone number +48 798 430 769 Bartosz G\u00f3ras &#8211; Coordinator of the &#8220;Adult Education&#8221; project bartosz.goras96@gmail.com&#8230;<\/p>\n","protected":false},"author":1,"featured_media":0,"parent":0,"menu_order":0,"comment_status":"closed","ping_status":"closed","template":"","meta":{"footnotes":""},"class_list":["post-57","page","type-page","status-publish","hentry"],"_links":{"self":[{"href":"https:\/\/socenter.eu\/index.php\/wp-json\/wp\/v2\/pages\/57","targetHints":{"allow":["GET"]}}],"collection":[{"href":"https:\/\/socenter.eu\/index.php\/wp-json\/wp\/v2\/pages"}],"about":[{"href":"https:\/\/socenter.eu\/index.php\/wp-json\/wp\/v2\/types\/page"}],"author":[{"embeddable":true,"href":"https:\/\/socenter.eu\/index.php\/wp-json\/wp\/v2\/users\/1"}],"replies":[{"embeddable":true,"href":"https:\/\/socenter.eu\/index.php\/wp-json\/wp\/v2\/comments?post=57"}],"version-history":[{"count":26,"href":"https:\/\/socenter.eu\/index.php\/wp-json\/wp\/v2\/pages\/57\/revisions"}],"predecessor-version":[{"id":1044,"href":"https:\/\/socenter.eu\/index.php\/wp-json\/wp\/v2\/pages\/57\/revisions\/1044"}],"wp:attachment":[{"href":"https:\/\/socenter.eu\/index.php\/wp-json\/wp\/v2\/media?parent=57"}],"curies":[{"name":"wp","href":"https:\/\/api.w.org\/{rel}","templated":true}]}}