{"id":632,"date":"2023-11-30T15:00:14","date_gmt":"2023-11-30T14:00:14","guid":{"rendered":"https:\/\/socenter.eu\/?page_id=632"},"modified":"2023-12-03T16:25:40","modified_gmt":"2023-12-03T15:25:40","slug":"sobre-o-projeto","status":"publish","type":"page","link":"https:\/\/socenter.eu\/index.php\/pt\/sobre-o-projeto\/","title":{"rendered":"Sobre o projeto"},"content":{"rendered":"\n<p class=\"has-text-align-center has-background-color has-text-color has-background has-link-color has-medium-font-size wp-elements-fdc4aa353423cad1c8f2a0862c272696\" style=\"background-color:#009e93\"><strong>O projeto destina-se a ajudar pessoas em risco de exclus\u00e3o social ou que pretendam criar uma empresa social em conjunto com outras pessoas.<\/strong><\/p>\n\n\n\n<div style=\"height:100px\" aria-hidden=\"true\" class=\"wp-block-spacer\"><\/div>\n\n\n\n<p class=\"has-text-align-center has-foreground-color has-background-background-color has-text-color has-background has-link-color wp-elements-baa0e7318acb395ffa3a859ae49e4589\">Projeto \u201cDesenvolvimento do empreendedorismo social \u2013 novas oportunidades e formas de desenvolvimento\u201d (Sigla do Projeto: SocEnter)<\/p>\n\n\n\n<figure class=\"wp-block-image aligncenter size-full\"><img loading=\"lazy\" decoding=\"async\" width=\"365\" height=\"382\" src=\"https:\/\/socenter.eu\/wp-content\/uploads\/2023\/01\/Logo-SocEnter.png\" alt=\"\" class=\"wp-image-31\" srcset=\"https:\/\/socenter.eu\/wp-content\/uploads\/2023\/01\/Logo-SocEnter.png 365w, https:\/\/socenter.eu\/wp-content\/uploads\/2023\/01\/Logo-SocEnter-287x300.png 287w\" sizes=\"auto, (max-width: 365px) 100vw, 365px\" \/><\/figure>\n\n\n\n<p class=\"has-text-align-center has-foreground-color has-background-background-color has-text-color has-background has-link-color wp-elements-a629a55f7b9d301d4de2d5ea8e10e723\">N\u00famero do projeto:\u00a02021-1-PL01-KA220-ADU-000030093<\/p>\n\n\n\n<p>Financiado pela Uni\u00e3o Europeia. Os pontos de vista e opini\u00f5es expressos s\u00e3o, no entanto, apenas do(s) autor(es) e n\u00e3o refletem necessariamente os da Uni\u00e3o Europeia ou da Ag\u00eancia Executiva Europeia de Educa\u00e7\u00e3o e Cultura (EACEA). Nem a Uni\u00e3o Europeia nem a EACEA podem ser responsabilizadas por eles.<\/p>\n\n\n\n<p>Recolheremos a experi\u00eancia de funcionamento de cooperativas sociais de v\u00e1rios pa\u00edses da UE e, analisando todos os aspectos do funcionamento, tentaremos encontrar regras universais que ajudem as pessoas a iniciar ou criar empresas sociais. De acordo com a Organiza\u00e7\u00e3o Internacional do Trabalho (Escrit\u00f3rio Internacional do Trabalho, 2015), existem empregos pouco qualificados em todo o mundo, quase 45% de todos os empregos. Na verdade, muitos empregos pouco qualificados exigem compet\u00eancias f\u00edsicas, mec\u00e2nicas e de comunica\u00e7\u00e3o. As cooperativas sociais e as empresas sociais proporcionam trabalho digno. Isto \u00e9 especialmente importante para pessoas exclu\u00eddas e vulner\u00e1veis.<\/p>\n\n\n\n<p>Existem tr\u00eas opini\u00f5es amplamente discutidas:<\/p>\n\n\n\n<ul class=\"wp-block-list\">\n<li>a educa\u00e7\u00e3o e a aprendizagem ao longo da vida s\u00e3o as principais chaves para reduzir o desemprego, a pobreza e a exclus\u00e3o social.<\/li>\n\n\n\n<li>o empreendedorismo social pode criar novas oportunidades de emprego para adultos;<\/li>\n\n\n\n<li>as pessoas devem ser activamente envolvidas, iniciando a sua pr\u00f3pria actividade empresarial, e n\u00e3o apenas para serem informadas sobre o que fazer. acima, nosso design \u00e9 baseado em evid\u00eancias e pensamentos.<\/li>\n\n\n\n<li>considerando as considera\u00e7\u00f5es anteriores, a nossa ideia de design baseia-se tamb\u00e9m na utiliza\u00e7\u00e3o da aprendizagem online nas \u00e1reas de:<\/li>\n\n\n\n<li>Melhorar e administrar o programa educacional.<\/li>\n\n\n\n<li>Melhorar as qualifica\u00e7\u00f5es dos pr\u00f3prios professores<\/li>\n<\/ul>\n\n\n\n<p>Impacto na atividade da comunidade local. Neste projeto, os parceiros do Cons\u00f3rcio est\u00e3o fortemente envolvidos na partilha de conhecimento, no desenvolvimento e na transfer\u00eancia de pr\u00e1ticas e conhecimentos inovadores para criar uma estrutura educacional para adultos pouco qualificados, com base numa abordagem interativa \u00e0 aprendizagem online participativa.<\/p>\n\n\n\n<p>Todos os parceiros partilhar\u00e3o e transferir\u00e3o as suas compet\u00eancias:<\/p>\n\n\n\n<ul class=\"wp-block-list\">\n<li><strong>O Ecoinstituto <\/strong>transferir\u00e1 as suas compet\u00eancias no ensino do empreendedorismo, na educa\u00e7\u00e3o de adultos pouco qualificados e no e-learning, especialmente na aprendizagem online.<\/li>\n\n\n\n<li><strong>O INSTITUTO DE DESENVOLVIMENTO DO EMPREENDEDORISMO<\/strong> transferir\u00e1 as suas compet\u00eancias no dom\u00ednio das tecnologias de informa\u00e7\u00e3o e comunica\u00e7\u00e3o e gest\u00e3o empresarial.<\/li>\n\n\n\n<li><strong>A Funda\u00e7\u00e3o Zofia Zamenhof <\/strong>transferir\u00e1 as suas compet\u00eancias no dom\u00ednio da educa\u00e7\u00e3o de adultos, forma\u00e7\u00e3o e processos educativos de avalia\u00e7\u00e3o.<\/li>\n\n\n\n<li><strong>A Epralima <\/strong>transferir\u00e1 as suas compet\u00eancias em desenvolvimento sustent\u00e1vel, inova\u00e7\u00e3o social e capacita\u00e7\u00e3o de adultos pouco qualificados.<\/li>\n\n\n\n<li><strong>A COOPERATIVA DE INTERESSE P\u00daBLICA<\/strong> transferir\u00e1 suas compet\u00eancias em empreendedorismo e novas pr\u00e1ticas e m\u00e9todos de gest\u00e3o.<\/li>\n\n\n\n<li><strong>A Cooperativa Social Social <\/strong>garantir\u00e1 que sua experi\u00eancia ser\u00e1 usada no projeto SocEnter ao administrar um empreendimento de clube social.<\/li>\n<\/ul>\n\n\n\n<p>Diversificamos o nosso grupo-alvo de adultos, mas a maioria das pessoas, mesmo numa vasta faixa et\u00e1ria, pode ser totalmente ativa profissionalmente. Eles\u00a0s\u00e3o capazes de se adaptar \u00e0s necessidades do mercado de trabalho. Por\u00e9m, sabemos que muito depende da personalidade da pessoa, por exemplo,\u00a0do processo de forma\u00e7\u00e3o e do ambiente em que se vive. <\/p>\n\n\n\n<p>O projeto deve ser implementado em n\u00edvel internacional pelos seguintes motivos:<\/p>\n\n\n\n<ul class=\"wp-block-list\">\n<li>\u00e9 necess\u00e1ria uma abordagem transnacional do empreendedorismo para lidar com os problemas da globaliza\u00e7\u00e3o<\/li>\n\n\n\n<li>mobilidade e relacionamentos internacionais podem abrir oportunidades de neg\u00f3cios<\/li>\n\n\n\n<li>a aprendizagem online \u00e9 um setor desafiador que requer esfor\u00e7os multissetoriais e transnacionais<\/li>\n\n\n\n<li>o valor deste projeto n\u00e3o pode ser puramente nacional<\/li>\n\n\n\n<li>o e-learning e a capacita\u00e7\u00e3o de adultos pouco qualificados s\u00e3o um objetivo europeu<\/li>\n\n\n\n<li>a forma\u00e7\u00e3o em empreendedorismo e a gest\u00e3o de uma empresa social podem combater a exclus\u00e3o social em qualquer pa\u00eds<\/li>\n\n\n\n<li>comparar a investiga\u00e7\u00e3o social entre os pa\u00edses da UE \u00e9 muito importante e conduz a um melhor desenvolvimento<\/li>\n\n\n\n<li>a vasta experi\u00eancia dos parceiros da economia social deve ser transferida para diferentes pa\u00edses<\/li>\n\n\n\n<li>lutar por um maior desenvolvimento do empreendedorismo social<\/li>\n\n\n\n<li>vontade de melhorar m\u00e9todos de trabalho e forma\u00e7\u00e3o<\/li>\n\n\n\n<li>considerar que a promo\u00e7\u00e3o das nossas atividades empresariais econ\u00f3micas e sociais pode levar \u00e0 inclus\u00e3o social em&nbsp;diferentes pa\u00edses da UE<br>\u200b<\/li>\n<\/ul>\n","protected":false},"excerpt":{"rendered":"<p>O projeto destina-se a ajudar pessoas em risco de exclus\u00e3o social ou que pretendam criar uma empresa social em conjunto com outras pessoas. Projeto \u201cDesenvolvimento do empreendedorismo social \u2013 novas oportunidades e formas de desenvolvimento\u201d (Sigla do Projeto: SocEnter) N\u00famero do projeto:\u00a02021-1-PL01-KA220-ADU-000030093&#8230;<\/p>\n","protected":false},"author":1,"featured_media":0,"parent":0,"menu_order":0,"comment_status":"closed","ping_status":"closed","template":"","meta":{"footnotes":""},"class_list":["post-632","page","type-page","status-publish","hentry"],"_links":{"self":[{"href":"https:\/\/socenter.eu\/index.php\/wp-json\/wp\/v2\/pages\/632","targetHints":{"allow":["GET"]}}],"collection":[{"href":"https:\/\/socenter.eu\/index.php\/wp-json\/wp\/v2\/pages"}],"about":[{"href":"https:\/\/socenter.eu\/index.php\/wp-json\/wp\/v2\/types\/page"}],"author":[{"embeddable":true,"href":"https:\/\/socenter.eu\/index.php\/wp-json\/wp\/v2\/users\/1"}],"replies":[{"embeddable":true,"href":"https:\/\/socenter.eu\/index.php\/wp-json\/wp\/v2\/comments?post=632"}],"version-history":[{"count":2,"href":"https:\/\/socenter.eu\/index.php\/wp-json\/wp\/v2\/pages\/632\/revisions"}],"predecessor-version":[{"id":744,"href":"https:\/\/socenter.eu\/index.php\/wp-json\/wp\/v2\/pages\/632\/revisions\/744"}],"wp:attachment":[{"href":"https:\/\/socenter.eu\/index.php\/wp-json\/wp\/v2\/media?parent=632"}],"curies":[{"name":"wp","href":"https:\/\/api.w.org\/{rel}","templated":true}]}}